) + -13 + 13.
6
(-81 - -130 - 64) + (0 - -35)
20
What is the value of -2 - 20 - (-4 - 55 - -46)?
-9
What is -5 + (5 - (0 + -3 + 3))?
0
Calculate 3 - ((7 - -4) + -21).
13
0 - -2 - ((-17 - -5) + 19)
-5
Calculate 5 - 4 - (-18 - (-7 + 6) - 1).
19
(6 - (-7 + 4 + 13) - 2) + 21
15
Calculate -21 - (-2 + (22 - 11) - 20).
-10
What is 19 - (2 + -2 - 2) - (277 - 270)?
14
What is the value of (1 - 14) + 25 + -17?
-5
Calculate (-13 + 5 - -24) + -6 + 14.
24
-11 + -2 - -2 - ((38 - 12) + -22)
-15
What is 7 - (60 + -10 - 19)?
-24
Evaluate -10 + (20 - (-12 + -5 - -24)).
3
What is the value of -3 - (-1 + -5 + -1 + -3) - 34?
-27
Evaluate 16 + (17 - 33) + -2.
-2
What is 1 + (4 - 3 - (6 + -14 - -11))?
-1
Evaluate (-28 + -2 - 4) + 29.
-5
What is -63 + 57 - (3 - 24 - (1 + 0))?
16
Calculate 0 - (-5 + -1 + 16).
-10
Evaluate -6 + 9 - -1 - (-2 + 30).
-24
-14 + (0 + 6 - (-6 - (4 - 5)))
-3
-19 + (-24 - -41) + 7
5
What is the value of -15 - (11 + -20 - 3)?
-3
Calculate (9 - (-2 - -5 - (6 - 8))) + -21.
-17
What is -5 - (20 + (-26 - -15))?
-14
Calculate 1 + 0 + -107 + 116 - -1.
11
What is the value of -5 - ((1 - 1) + 2 - 2)?
-5
Calculate 0 + 9 + 14 + -28 + 9.
4
5 + -3 + -4 + (-4 - -7) + -7
-6
What is the value of 9 - (-5 + 4 + -4)?
14
(5 - 11) + (-20 - -37)
11
What is 4 + -30 + (-1 - (4 - (11 + 0)))?
-20
Evaluate -19 - (0 + (-1 - (0 + 0)) - 7).
-11
Calculate 2 + (4 - -14 - 2 - (54 - 60)).
24
Evaluate -20 + (20 - 17) - -15.
-2
13 + -10 + -2 - 1
0
Evaluate 3 + 2 + -7 + 5.
3
What is 3 - 2 - -11 - (-28 - -25)?
15
What is -1 - (-1 - (-4 + -5))?
-9
33 + 3 + -18 + 9 + (0 - 3)
24
What is the value of 20 - (-7 + 13) - (35 - 8)?
-13
What is -1 + -3 + -10 + (6 - 4) + 1?
-11
Calculate 17 - (21 + (10 - 9)).
-5
-34 - ((22 - 39) + -24)
7
Calculate 1 + -2 + 5 + -5 + 7 - 12.
-6
What is -21 + 26 - (-3 + 2 - (-5 + 7))?
8
5 - (7 + (5 - 12))
5
(-71 - (-31 + -68)) + -14 + (1 - -1)
16
What is 22 - 21 - -18 - 35?
-16
What is -11 + (31 - 11) - 36 - 7?
-34
Calculate 0 + 14 + 178 + -214.
-22
What is the value of -6 - ((2 - 3) + 0 + (-5 - -2))?
-2
15 + -23 + (-33 - (11 + -27))
-25
What is (5 - -8) + -44 - -38?
7
What is the value of -49 - -53 - (2 - 0) - -12?
14
What is 8 + -4 + -3 + 8?
9
What is the value of -18 + -7 + 18 + -2?
-9
Calculate -2 - (-2 - -7) - (54 - 73).
12
What is the value of -2 - -17 - 12 - ((-4 - -3) + -5)?
9
What is the value of -18 - (18 - 11 - 23) - (-3 + -2)?
3
What is the value of -11 + 11 + -15 - -5?
-10
What is -9 + (1 - (11 - -5 - 9))?
-15
16 + -53 - (0 - 4) - -7
-26
-2 + 5 + 2 - (-29 + 13 - -3)
18
Calculate (5 - (-8 - 3)) + -3 + -1.
12
(5 - 3) + 8 - (12 + -12)
10
Evaluate 36 + 17 + -9 - 20.
24
Evaluate (7 - (8 + -1)) + 1 + -7.
-6
14 - 2 - (-16 - (-14 - 11))
3
38 - (-46 - -28 - -55)
1
What is (3 - 1) + 12 + (-121 - -110)?
3
(-4 - 3) + (18 - (36 - 17))
-8
Evaluate -14 - -30 - (-7 + 20) - (1 + 1).
1
(-2 - (0 + 9)) + 6 + 4
-1
(1 - 0) + (3 - (-8 - -1)) + -1
10
What is 36 + (-19 - (27 - 11))?
1
-30 + 28 + -4 - 13
-19
6 + -9 + (5 - 0) + (-300 - -300)
2
(11 - 3) + -1 + 0
7
-1 - (-3 + 6 + -27)
23
-39 + -2 + 29 + 16
4
Evaluate 0 + -3 + -2 + 32 + -13 + -5.
9
What is 14 - (-4 - 10 - -28)?
0
What is 6 - (12 + -19 + -3)?
16
What is the value of 15 + -16 + (-12 - 0) + 4?
-9
Calculate ((0 - -5) + 2 - (9 + -6)) + -3.
1
10 + -1 - (36 - (-86 - -112))
-1
Calculate -3 + 5 + (2 - 1) + -11.
-8
Calculate -12 + (39 - 21) - -22.
28
(-1 - (-4 + -3) - 9) + -9
-12
What is (-65 - -74) + (-25 + 5 + -1 - -3)?
-9
What is -20 + 2 - (122 + -150)?
10
Evaluate (5 - 16 - -22) + -19.
-8
-1 + 9 - ((7 - -2) + -8 + 3)
4
Calculate -7 - (-2 + 1 + 10 + 0 - -7).
-23
45 - (6 + 5 + 0 - -7)
27
Calculate (21 - 46) + 34 - -1.
10
(-6 - 5) + (13 - (-7 - -1))
8
What is -15 - (-7 + 7 + -25)?
10
Evaluate -14 + -9 + 27 - (-5 - 0 - -2).
7
Calculate 15 + -4 + 18 + -37.
-8
What is -12 + 13 + -7 + -2?
-8
What is (-3 - (3 + -3 + 3)) + 3?
-3
44 - (79 - 42) - -12
19
What is the value of (-7 - (-9 + 0)) + -2 - -13?
13
What is 17 + (-1 + 0 - 38)?
-22
What is 96 + -99 - (-3 - -6 - (-6 - -10))?
-2
What is the value of 1 + 3 + -2 - (-15 - -29 - 16)?
4
What is the value of -1 - (3 + (-6 - (-1 + 3)) + -12)?
16
What is the value of 0 + (9 - (9 - -2)) + -2 + 6?
2
What is 1 + (1 - 0) + (-5 + 6 - 2)?
1
Evaluate 1216 - 1206 - (-23 - 1).
34
What is 0 - 2 - (-3 - 3) - 6 - -5?
3
What is 5 + (-1 - (-2 + -2)) - (0 + -1)?
9
What is (-17 - (55 + -88)) + 1 + 7?
24
Evaluate 1 + (2 + -2 - 8) + -5.
-12
Evaluate (33 - (48 + -9)) + (2 + -1 - -4).
-1
Evaluate -1 + 7 + (1 - (1 - -4)) + 1.
3
What is the value of 953 - 964 - (-6 - 1)?
-4
What is (-13 - 1 - (-129 + 122)) + 14?
7
Evaluate 2 + (3 - 6) + (-5 + 7 - -2).
3
What is the value of 2 + -5 + 1 + (-4 - -10 - 4)?
0
What is the value of (17 - -1) + -17 + -5 + 5 + -3?
-2
Calculate 104 + -122 + -1 + 7 + 36.
24
Evaluate (-3 - 6) + 11 + -1.
1
Evaluate (7 - -2) + -50 + 52.
11
Calculate (-3 - 2) + (81 - 68).
8
What is -8 - (27 - 16 - 33)?
14
What is the value of 68 - (28 - -42) - (-5 - -2)?
1
What is the value of 132 + -120 - (6 - (4 - 3))?
7
What is the value of (3 - (4 + 1)) + 10?
8
180 + -190 + 10 + -1
-1
-4 + 2 + -1 + 2 - 1
-2
Evaluate 63 + -82 - (1 - 12) - 11.
-19
Calculate -6 - (4 + 4 - 13).
-1
What is -1 - (-21 - (5 + -17 - -1))?
9
-3 + (35 - 11) + -11
10
What is -6 + 12 + -9 - 0?
-3
8 + (-20 - -14) - (-2 + -6)
10
What is the value of -2 - (11 + -27 + (2 - -6))?
6
What is (-97 + 97 - (1 + -1 - 3)) + 16?
19
Evaluate -35 - (-11 - (-1 + -2 + 7 - 18)).
-38
Calculate -26 + (1 - (-24 + 13)).
-14
Evaluate -4 + 1 + (66 - 67).
-4
What is (5 - 2) + (44 - 44) + -3?
0
-5 - (4 - (-4 - -2))
-11
Calculate (30 - (-1 - 0)) + (-29 - -81) + -59.
24
Calculate (26 - 29 - (1 + 0)) + -1 + 6.
1
What is 7 - (7 - (10 + -9 - 4))?
-3
Evaluate -7 - (-12 + (-5 - -28 - -15)).
-33
What is -9 + -8 + 31 + (0 - (-1 - -1))?
14
7 + 14 + (3 - 12 - 5) + 7
14
-8 - (-3 + -9 + 10 + 1 + -17)
10
What is 0 + 4 - -10 - (146 - 136)?
4
Calculate 2 - (-14 - (15 + -13 + 7)).
25
What is -63 + 3 - -56 - (-1 - (12 - 0))?
9
What is the value of 7 + (6 + -25 - 4)?
-16
Evaluate 0 - 15 - (-23 - (-27 - -10)).
-9
Evaluate -5 - (12 + -4 + (3 - 5) - -1).
-12
What is the value of 15 + -6 + 4 + -4 + -2?
7
Calculate 19 - (7 + (-38 - -33 - (2 + -2))).
17
20 - 18 - (14 + (-4 + 3 - 1))
-10
16 + 31 - 46 - (14 + -1)
-12
Evaluate 8 + -10 + (7 - -17 - 13).
9
Calculate -5 + (5 + -1 - -2) + -3.
-2
Evaluate -8 - (3 - 2) - (-14 + 7 + 10).
-12
Calculate 2 + (3 + 2 - 22).
-15
What is (-57 - -54) + -5 + -2 + 3?
-7
What is 41 + 17 + -37 - 4?
17
Evaluate 5 + (-5 - (10 - (3 + 3 + -1))).
-5
Evaluate -16 + (20 + 31 - 21).
14
What is the value of (-1 + (4 - 4) - 1) + (-21 - -20)?
-3
What is the value of 5 + -1 + (-10 - (18 + -17))?
-7
What is -8 + -1 + 2 + 16?
9
What is -10 + 22 + (-2 - 22)?
-12
What is 6 + 2 + -9 + (6 - 3) + 12?
14
Calculate 41 - 35 - (-9 + -3).
18
Calculate 6 + (5 - 1 - (3 - -14)) - -2.
-5
What is 36 + 16 + (9 - 43)?
18
Calculate (8 + -18 - (0 + -6)) + -9.
-13
What is (-5 - (-4 - -1) - 3) + (-13 - -2)?
-16
1 - 11 - (25 + -22 + -32)
19
What is the value of -15 + -8 + 14 + 1 + -13?
-21
27 + 4 - (-10 - (-7 - -1) - -14)
21
Evaluate (-1512 - -1509) + 1 + 3.
1
-3 - -16 - 7 - (28 + -5)
-17
What is the value of 1 - (8 - ((-11 - -6) + 20)) - 15?
-7
What is 3 - 12 - 1 - 4 - -2?
-12
-20 + 6 + -12 + 12
-14
Calculate (6 - (-11 - -12) - 23) + (0 - -5).
-13
Evaluate 5 - (13 - 6) - 11.
-13
-13 + 7 + 2 + 0 - 3
-7
What is the value of 24 - (17 - -36 - 21)?
-8
(8 - (-6 - -11)) + 1 + (3 - -3)
10
(-21 - -3) + -218 + 211
-25
What is 29 + -36 + 10 + -15?
-12
15 + (11 - 22 - 3)
1
Calculate 11 + -7 + -13 + 5 + -15.
-19
What is -8 - (-4 - (-15 + 9 - 6) - -16)?
-32
What is (-46 - -57) + 1 + 0?
12
(0 - 0) + 0 - (-11 - -10) - 8
-7
Evaluate 8 + -12 + -3 + (11 - 4) - -4.
4
What is -15 + -8 + 8 + 3?
-12
Evaluate 7 + -28 + 1 + 8 - -7.
-5
What is the value of 0 - (-3 - (-7 + 9)) - -7?
12
Evaluate -20 + (-2 - (1 - -3) - (5 + -15)).
-16
Evaluate -374 + 382 - (1 + 19).
-12
-2 + -34 + 48 + 17
29
Calculate 17 - 13 - ((3 - -6) + 16).
-21
Calculate -7 + (-5 + 7 - -3).
-2
What is (-41 - -25) + -4 + -2?
-22
Calculate -12 - (-2 + 10 + (-25 - -17)).
-12
What is -16 + 24 - (8 - (0 + 0 + 4))?
4
Calculate (23 - 3) + (215 + -210 - (-1 + 16)).
10
Evaluate 9 + (-5 - -9) + 4 + -8.
9
Calculate 4 + -11 + 1 + (-14 - -36) + -25.